- 12*a + 8. Suppose -2*c + 4*v = 28, -6*v + 3*v + 15 = -c. Let p be u(c). What is the highest common factor of 56 and p?
8
Let n be ((-1)/(-3)*3)/1 - -27. What is the greatest common divisor of n and 28?
28
Suppose -20 = -2*t + 6*t, 5*k - 2*t - 110 = 0. Let c(r) = r - 8. Let d be c(12). Let b be ((-16)/(-6))/(d/30). What is the greatest common divisor of b and k?
20
Suppose -600 = -3*x - 2*x. Let s = x + 78. Let w(d) = -20*d + 2. Let v be w(-1). What is the greatest common factor of s and v?
22
Let j be 6144/88 - 4/(-22). Let v be -10*2*3/(-6). What is the greatest common divisor of j and v?
10
Let m(v) = v**3 - 6*v**2 + 2*v + 5. Let n be m(6). Let k be -1*(-14 - 3)*9. What is the greatest common divisor of k and n?
17
Suppose -4*d + 2*d = 0. Let h(l) = l**3 + l + 13. Let s be h(d). Let n = 175 - 84. What is the greatest common factor of s and n?
13
Let t be (-4)/2 + (-5 - -49). Let s = 940 + -922. Calculate the greatest common factor of t and s.
6
Suppose 0 = -4*i + 4*b + 60, 1 - 12 = -i - 3*b. Suppose -5*w + 67 = 2*a + i, a - 23 = w. What is the greatest common divisor of a and 216?
24
Let i be ((-156)/5)/((4/(-5))/2). Calculate the highest common divisor of i and 52.
26
Let w = -19 + 114. What is the greatest common divisor of 19 and w?
19
Let b = 84 + 303. Calculate the greatest common factor of b and 43.
43
Let k = -3 + 16. Let z = 70 + -44. What is the highest common divisor of k and z?
13
Let m = -811 + 2841. Calculate the highest common divisor of m and 10.
10
Let m = -32 - -42. Suppose 0 = -4*r - s + m + 9, -s = r - 7. Suppose -3*d - 768 = -3*z, -r*z = -d - 840 - 175. Calculate the highest common divisor of z and 23.
23
Suppose -k = k - 80. Suppose -249*n + 250*n + 16 = 3*v, 4*v - 56 = -3*n. Calculate the greatest common divisor of v and k.
8
Let u be 4/12*-6*1. Let r be u/8 - 1162/(-8). What is the greatest common factor of r and 29?
29
Let g(u) = 13*u**2 - 5*u + 4. Let n be g(3). Let o(l) = 47*l + 7. Let p be o(1). Let f = n - p. What is the greatest common factor of 26 and f?
26
Let o = 79 + -71. Calculate the greatest common factor of o and 128.
8
Let n(p) = -2*p**3 - 13*p**2 + 25*p + 10. Let m be n(-8). Calculate the greatest common divisor of 64 and m.
2
Suppose 2*g + 47 = g. Let h = 73 + g. Calculate the greatest common divisor of 13 and h.
13
Let i be (-2)/6 - (-3)/9. Suppose -q + 1 + 0 = i. Let o be (q - -2) + (-1 - -3). What is the highest common factor of 40 and o?
5
Let t(f) = -29*f - 13. Let p be t(-5). Suppose -12 = -3*j + 54. Calculate the highest common divisor of j and p.
22
Let n = 29 - 18. Suppose -b + 2*b = 47. Suppose -2*d - 64 = -6*d + 4*q, 2*d - 5*q - b = 0. Calculate the greatest common factor of d and n.
11
Suppose -q + 7 = -0*q. Suppose -5*u = -4*v + 438, -5*u - v = -2*u + 273. Let c = u - -153. What is the greatest common factor of q and c?
7
Let w be (-8 - (-23950)/20) + (-1)/(-2). Calculate the highest common factor of w and 70.
70
Let a be (-4)/(-10) + (-6)/15. Let w = 8 + a. Let v be (-45)/(-105) + (-405)/(-35). What is the highest common divisor of w and v?
4
Let b(k) = -3*k**3 - 16*k**2 - 69*k + 5. Let g be b(-5). What is the highest common divisor of 65 and g?
65
Let b be 12/8 + (-183)/(-6) - 0. Let o be 4/1 + -1 - (b - 301). Calculate the greatest common factor of o and 17.
17
Suppose -g + j + 98 = 2*j, -4*j = -5*g + 472. What is the greatest common divisor of 240 and g?
48
Suppose 2*t + 5*a + 324 = 3*t, -3*a = -5*t + 1598. Suppose 43 = -4*m + t. Let n = 25 + -2. What is the greatest common factor of m and n?
23
Let v be ((-2)/3)/((-9)/27). Let c = -12 + 30. Calculate the greatest common divisor of v and c.
2
Let r be (-214)/(-8) - 2/(-8). Suppose -2*c = -k + 14, 2*k + 30*c - 29*c = 8. Calculate the greatest common divisor of k and r.
3
Suppose -91*u - 1045 = -110*u. Suppose -3*q + 2*q + 5 = 0. Calculate the greatest common divisor of u and q.
5
Suppose 0 = -3*n - 10 - 8. Let a(s) = 2*s - 4. Let u be a(n). Let x = u + 37. Calculate the highest common divisor of 3 and x.
3
Suppose 0 = 37*k + 15*k - 30784. Calculate the highest common factor of 222 and k.
74
Let w(i) = 17*i**2 + i - 1. Let o be w(-2). Let q be 2/(-8)*2*-52. Calculate the highest common factor of o and q.
13
Let p = -28 + 75. Suppose 2*s - 5 = 1, -4*i = 3*s - 197. What is the highest common divisor of i and p?
47
Suppose -8 = -5*k - 8. Suppose -3*x - 87 = 2*t - 5*t, -2*t - 3*x + 78 = k. What is the highest common divisor of t and 297?
33
Let h(r) = r**2 + r + 26. Let w = 35 - 35. Let o be h(w). Calculate the greatest common divisor of o and 65.
13
Let z be (-9 - -6)/(6/(-376)). Let v be z/3 + (-7)/(-21). What is the highest common divisor of 7 and v?
7
Let k(q) = -5*q - 4. Let j be k(-3). Suppose -7*s + 4*s = 4*n - 53, -4*s = -n - 39. Calculate the greatest common factor of j and s.
11
Let k(m) = 4*m + 29. Let a be k(-15). Let q = 37 + a. What is the greatest common divisor of 27 and q?
3
Let w = 832 - 660. What is the highest common divisor of 215 and w?
43
Let u be (-72)/(-30) - 4/10. Suppose 1 = -u*s - 3. Let z(t) = -2*t**3 + 3*t + 4. Let a be z(s). Calculate the greatest common factor of a and 28.
14
Suppose -4*p + 160 = -k - 207, 0 = 3*p - 4*k - 272. Suppose t + p = 4*t + f, 5*f - 12 = -t. What is the highest common divisor of t and 4?
4
Let v = 68 - 44. Suppose 0*z + z = 4*r - v, -3*z = 2*r - 12. What is the highest common factor of r and 24?
6
Let n(g) = -18*g - 18. Suppose 4*t - 12 = 0, 6*f = 3*f - 2*t - 12. Let m be n(f). What is the highest common divisor of 15 and m?
15
Suppose -480 = -3*d - 7*d. Suppose -7*h + d = -6*h. Calculate the highest common divisor of h and 60.
12
Let f be 4/20 + (-238)/(-10). Let k = 34 - f. What is the highest common factor of k and 30?
10
Let g(d) = d**2 + 15*d - 4. Let z(a) = -a**2 - 5*a + 4. Let t be z(-8). Let b be g(t). What is the highest common divisor of 32 and b?
32
Suppose 43*c = 31*c + 864. What is the highest common divisor of c and 117?
9
Let k(y) = 28*y - 6. Let b be k(3). Let a be (9*1)/(3 + -2). Let t be 3/(1/(b/a)). Calculate the greatest common factor of t and 130.
26
Let c(g) = -g**2 - g - 6. Let w be c(-8). Let h = w - -90. Suppose -4*y = 20, y + 13 = r + 4*y. What is the highest common divisor of r and h?
28
Let j be 2/(7 - 5394/600 - -2). Calculate the highest common factor of j and 25.
25
Let f(r) be the third derivative of 7*r**2 - 13/24*r**4 + 19/6*r**3 + 1/60*r**5 + 0 + 0*r. Let j be f(13). What is the highest common divisor of 76 and j?
19
Let i(v) = 5*v**2 - 6*v + 3. Let q be i(4). Suppose 36 = 5*n - q. Let c = n - 10. Calculate the greatest common divisor of c and 72.
9
Suppose 5*g = 4*h + 3*g - 160, 198 = 5*h - 3*g. Let d = -2540 + 2568. Calculate the greatest common divisor of d and h.
14
Let g = -28 - -44. Suppose -4*p = g - 112. Let x = p - 2. Calculate the greatest common divisor of 55 and x.
11
Suppose -4*n - 180 = -260. What is the highest common factor of n and 5?
5
Let s = -47 + 81. Suppose -7*z + 2*z - 3*v + 46 = 0, 0 = 5*z - 3*v - s. Calculate the greatest common factor of z and 10.
2
Let c(v) = 18*v**3 + 2*v**2 - 2*v - 1. Let k be c(-2). Let z = 221 + k. Let f(d) = d**2 - 1. Let h be f(3). Calculate the greatest common divisor of h and z.
8
Let d be (136/(-4))/(-2 + 3). Let l(b) = 25*b - 2. Let j be l(2). Let o = j + d. Calculate the greatest common divisor of 2 and o.
2
Let z = 327 + -151. What is the highest common divisor of z and 22?
22
Let c(n) = -n**2 - 12*n - 35. Let o be c(-6). Let y be (7/(-3) - -2)*-33*o. Calculate the highest common divisor of 99 and y.
11
Suppose -52 = s - 202. Let o = s - 50. What is the highest common factor of o and 20?
20
Suppose -13*k - 15*k = -280. Calculate the highest common divisor of 10 and k.
10
Suppose 0 = 2*q - h - 151, 2*h - 2 - 4 = 0. Let p be 3/(2/((-4)/(-3))). Let w be p/4 + (-26)/(-4). What is the greatest common divisor of q and w?
7
Let x be ((-5)/(40/(-52)) - 5)*10. What is the highest common factor of 6 and x?
3
Let y = -6 + 16. Let b be 196/35 + 4/y. Suppose -6 = -b*j + 12. Calculate the greatest common divisor of 3 and j.
3
Let s = 452 + -446. Let x(w) = w**2 - 2*w + 3. Let c be x(3). What is the greatest common divisor of s and c?
6
Let o be 138 - (4/(-8))/(7/28). Calculate the highest common divisor